{"id":1571,"date":"2017-11-29T15:48:17","date_gmt":"2017-11-29T14:48:17","guid":{"rendered":"https:\/\/www.fluimucil-erkaeltungshusten.ch\/pour-en-savoir-plus\/approfondissements\/muco-nasale-come-fatto-e-come-funziona\/"},"modified":"2017-12-16T16:16:32","modified_gmt":"2017-12-16T15:16:32","slug":"mucus-nasal-quelle-est-sa-composition-et-quelle-est-sa-fonction","status":"publish","type":"page","link":"https:\/\/www.fluimucil-erkaeltungshusten.ch\/fr\/pour-en-savoir-plus\/approfondissements\/mucus-nasal-quelle-est-sa-composition-et-quelle-est-sa-fonction\/","title":{"rendered":"Mucus nasal : quelle est sa composition et quelle est sa fonction"},"content":{"rendered":"<div class=\"wpb-content-wrapper\">[mk_page_section vertical_align=\u00a0\u00bbcenter\u00a0\u00bb bg_image=\u00a0\u00bbhttps:\/\/www.fluimucil-erkaeltungshusten.ch\/wp-content\/uploads\/2017\/11\/teaser_approfondimenti.jpg\u00a0\u00bb bg_position=\u00a0\u00bbcenter bottom\u00a0\u00bb bg_repeat=\u00a0\u00bbno-repeat\u00a0\u00bb min_height=\u00a0\u00bb575&Prime; padding_top=\u00a0\u00bb120&Prime; padding_bottom=\u00a0\u00bb0&Prime; sidebar=\u00a0\u00bbsidebar-1&Prime;][vc_column][\/vc_column][\/mk_page_section][vc_row css=\u00a0\u00bb.vc_custom_1511795486415{padding-top: 20px !important;padding-left: 10px !important;}\u00a0\u00bb][vc_column width=\u00a0\u00bb2\/3&Prime;][mk_fancy_title tag_name=\u00a0\u00bbspan\u00a0\u00bb color=\u00a0\u00bb#005982&Prime; size=\u00a0\u00bb22&Prime; font_weight=\u00a0\u00bbbold\u00a0\u00bb letter_spacing=\u00a0\u00bb1&Prime; font_family=\u00a0\u00bbnone\u00a0\u00bb]APPROFONDISSEMENTS[\/mk_fancy_title][mk_fancy_title tag_name=\u00a0\u00bbh1&Prime; color=\u00a0\u00bb#005982&Prime; size=\u00a0\u00bb20&Prime; line_height=\u00a0\u00bb125&Prime; font_weight=\u00a0\u00bbbold\u00a0\u00bb font_family=\u00a0\u00bbnone\u00a0\u00bb]Mucus nasal : quelle est sa composition et quelle est sa fonction[\/mk_fancy_title][vc_single_image source=\u00a0\u00bbfeatured_image\u00a0\u00bb img_size=\u00a0\u00bbfull\u00a0\u00bb][vc_column_text css=\u00a0\u00bb.vc_custom_1513085740269{margin-bottom: 0px !important;}\u00a0\u00bb]Bien que le\u00a0<a href=\"https:\/\/www.fluimucil-erkaeltungshusten.ch\/fr\/Faq\/Glossaire#m\" target=\"_self\">mucus<\/a>\u00a0nasal puisse nous para\u00eetre r\u00e9pugnant, celui qui est s\u00e9cr\u00e9t\u00e9 par les voies respiratoires est un formidable m\u00e9canisme de d\u00e9fense de l&rsquo;<a href=\"https:\/\/www.fluimucil-erkaeltungshusten.ch\/fr\/Faq\/Glossaire#a\" target=\"_self\">appareil respiratoire<\/a>, sur lequel il convient de nous arr\u00eater pour en savoir plus.<\/p>\n<p>La composition du\u00a0<a href=\"https:\/\/www.fluimucil-erkaeltungshusten.ch\/fr\/Faq\/Glossaire#m\" target=\"_self\">mucus<\/a>\u00a0nasal est relativement simple : il est constitu\u00e9 d&rsquo;un gel visqueux \u00e0 base d&rsquo;eau, de glycoprot\u00e9ines, de sels et de lipides ; lorsque nous sommes malades, on trouve \u00e0 son int\u00e9rieur des immunoglobulines (anticorps) et des enzymes antiseptiques qui peuvent former une premi\u00e8re barri\u00e8re contre les infections.<\/p>\n<p>Les glycoprot\u00e9ines contenues dans les\u00a0<a href=\"https:\/\/www.fluimucil-erkaeltungshusten.ch\/fr\/Faq\/Glossaire#m\" target=\"_self\">mucus<\/a>\u00a0sont des prot\u00e9ines complexes, qui comprennent, \u00e0 l\u2019int\u00e9rieur de leur structure, des hydrates de carbone ; la composition des glycoprot\u00e9ines permet la formation de liaisons mol\u00e9culaires tr\u00e8s fortes, capables de pi\u00e9ger les particules ; ceci explique pourquoi le liquide est particuli\u00e8rement visqueux.<\/p>\n<p>Le\u00a0<a href=\"https:\/\/www.fluimucil-erkaeltungshusten.ch\/fr\/Faq\/Glossaire#m\" target=\"_self\">mucus<\/a>\u00a0est s\u00e9cr\u00e9t\u00e9 par des glandes sp\u00e9cifiques, appel\u00e9es glandes mucipares qui sont positionn\u00e9es le long de la cavit\u00e9 nasale et de la trach\u00e9e. Sa fonction principale est double : d\u2019une part, il sert \u00e0 recouvrir et maintenir humides et lubrifi\u00e9es les membranes \u00e9pith\u00e9liales sensibles qui se trouvent dans les voies respiratoires ; d&rsquo;autre part, la viscosit\u00e9 du\u00a0<a href=\"https:\/\/www.fluimucil-erkaeltungshusten.ch\/fr\/Faq\/Glossaire#m\" target=\"_self\">mucus\u00a0<\/a>permet de bloquer et de capturer les corps \u00e9trangers pr\u00e9sents dans l&rsquo;air inspir\u00e9, \u00e9vitant que ceux-ci n&rsquo;entrent dans les poumons les rejetant gr\u00e2ce \u00e0 la\u00a0<a href=\"https:\/\/www.fluimucil-erkaeltungshusten.ch\/fr\/Faq\/Glossaire#c\" target=\"_self\">clairance mucociliaire<\/a>, la\u00a0<a href=\"https:\/\/www.fluimucil-erkaeltungshusten.ch\/fr\/Faq\/Glossaire#t\" target=\"_self\">toux<\/a>\u00a0et les\u00a0<a href=\"https:\/\/www.fluimucil-erkaeltungshusten.ch\/fr\/Faq\/Glossaire#e\" target=\"_self\">\u00e9ternuements<\/a>.<\/p>\n<p>Lorsqu&rsquo;il fait froid ou en cas d&rsquo;irritation, le cycle d&rsquo;\u00e9limination du\u00a0<a href=\"https:\/\/www.fluimucil-erkaeltungshusten.ch\/fr\/Faq\/Glossaire#m\" target=\"_self\">mucus<\/a>\u00a0se bloque et les bact\u00e9ries ou les virus pr\u00e9sents peuvent provoquer des infections ; suite \u00e0 l&rsquo;attaque bact\u00e9rienne ou virale ou \u00e0 la r\u00e9ponse inflammatoire r\u00e9sultante, le\u00a0<a href=\"https:\/\/www.fluimucil-erkaeltungshusten.ch\/fr\/Faq\/Glossaire#m\" target=\"_self\">mucus<\/a>\u00a0touch\u00e9 se transforme en\u00a0<a href=\"https:\/\/www.fluimucil-erkaeltungshusten.ch\/fr\/Faq\/Glossaire#c\" target=\"_self\">catarrhe<\/a>\u00a0et s&rsquo;accumule dans les voies respiratoires et les obstrue. Les sympt\u00f4mes, tels que le \u00ab nez bouch\u00e9 \u00bb ou la\u00a0<a href=\"https:\/\/www.fluimucil-erkaeltungshusten.ch\/fr\/Faq\/Glossaire#t\" target=\"_self\">toux grasse<\/a>\u00a0qui n\u00e9cessitent une fluidification du\u00a0<a href=\"https:\/\/www.fluimucil-erkaeltungshusten.ch\/fr\/Faq\/Glossaire#c\" target=\"_self\">catarrhe<\/a>\u00a0pour faciliter leur expectoration, se pr\u00e9sentant \u00e0 ce moment-l\u00e0.[\/vc_column_text][mk_button dimension=\u00a0\u00bbflat\u00a0\u00bb corner_style=\u00a0\u00bbfull_rounded\u00a0\u00bb size=\u00a0\u00bbmedium\u00a0\u00bb url=\u00a0\u00bb\/fr\/pour-en-savoir-plus\/approfondissements\/\u00a0\u00bb margin_top=\u00a0\u00bb30&Prime; margin_right=\u00a0\u00bb0&Prime; bg_color=\u00a0\u00bb#00768e\u00a0\u00bb btn_hover_bg=\u00a0\u00bbrgba(0,118,142,0.75)\u00a0\u00bb]Retour[\/mk_button][\/vc_column][vc_column width=\u00a0\u00bb1\/12&Prime;][\/vc_column][vc_column width=\u00a0\u00bb1\/4&Prime;][vc_wp_custommenu nav_menu=\u00a0\u00bb14&Prime;][mk_icon_box icon=\u00a0\u00bbmk-moon-temperature\u00a0\u00bb title=\u00a0\u00bbSYMPT\u00d4MES ET TROUBLES\u00a0\u00bb text_size=\u00a0\u00bb13&Prime; read_more_txt=\u00a0\u00bbAllez \u00e0 la section\u00a0\u00bb read_more_url=\u00a0\u00bb\/fr\/Symptomes-et-Troubles\/Toux-grasse\u00a0\u00bb style=\u00a0\u00bbboxed\u00a0\u00bb icon_location=\u00a0\u00bbtop\u00a0\u00bb icon_color=\u00a0\u00bb#075985&Prime; icon_circle_color=\u00a0\u00bb\u00a0\u00bb title_color=\u00a0\u00bb#075985&Prime; txt_color=\u00a0\u00bb#00768e\u00a0\u00bb el_class=\u00a0\u00bbside-icon-box\u00a0\u00bb]Plus d\u2019informations sur les maux saisonniers.[\/mk_icon_box][\/vc_column][\/vc_row]\n<\/div>","protected":false},"excerpt":{"rendered":"<p>Bien que le mucus nasal puisse nous para\u00eetre r\u00e9pugnant, celui qui est s\u00e9cr\u00e9t\u00e9 par&#8230;<\/p>\n","protected":false},"author":2,"featured_media":1018,"parent":1559,"menu_order":0,"comment_status":"closed","ping_status":"closed","template":"","meta":{"_monsterinsights_skip_tracking":false,"_monsterinsights_sitenote_active":false,"_monsterinsights_sitenote_note":"","_monsterinsights_sitenote_category":0,"footnotes":""},"categories":[32],"tags":[],"yst_prominent_words":[],"class_list":["post-1571","page","type-page","status-publish","has-post-thumbnail","hentry","category-approfondimenti-fr"],"_links":{"self":[{"href":"https:\/\/www.fluimucil-erkaeltungshusten.ch\/fr\/wp-json\/wp\/v2\/pages\/1571","targetHints":{"allow":["GET"]}}],"collection":[{"href":"https:\/\/www.fluimucil-erkaeltungshusten.ch\/fr\/wp-json\/wp\/v2\/pages"}],"about":[{"href":"https:\/\/www.fluimucil-erkaeltungshusten.ch\/fr\/wp-json\/wp\/v2\/types\/page"}],"author":[{"embeddable":true,"href":"https:\/\/www.fluimucil-erkaeltungshusten.ch\/fr\/wp-json\/wp\/v2\/users\/2"}],"replies":[{"embeddable":true,"href":"https:\/\/www.fluimucil-erkaeltungshusten.ch\/fr\/wp-json\/wp\/v2\/comments?post=1571"}],"version-history":[{"count":0,"href":"https:\/\/www.fluimucil-erkaeltungshusten.ch\/fr\/wp-json\/wp\/v2\/pages\/1571\/revisions"}],"up":[{"embeddable":true,"href":"https:\/\/www.fluimucil-erkaeltungshusten.ch\/fr\/wp-json\/wp\/v2\/pages\/1559"}],"wp:featuredmedia":[{"embeddable":true,"href":"https:\/\/www.fluimucil-erkaeltungshusten.ch\/fr\/wp-json\/wp\/v2\/media\/1018"}],"wp:attachment":[{"href":"https:\/\/www.fluimucil-erkaeltungshusten.ch\/fr\/wp-json\/wp\/v2\/media?parent=1571"}],"wp:term":[{"taxonomy":"category","embeddable":true,"href":"https:\/\/www.fluimucil-erkaeltungshusten.ch\/fr\/wp-json\/wp\/v2\/categories?post=1571"},{"taxonomy":"post_tag","embeddable":true,"href":"https:\/\/www.fluimucil-erkaeltungshusten.ch\/fr\/wp-json\/wp\/v2\/tags?post=1571"},{"taxonomy":"yst_prominent_words","embeddable":true,"href":"https:\/\/www.fluimucil-erkaeltungshusten.ch\/fr\/wp-json\/wp\/v2\/yst_prominent_words?post=1571"}],"curies":[{"name":"wp","href":"https:\/\/api.w.org\/{rel}","templated":true}]}}

<div class="wpb-content-wrapper">[mk_page_section vertical_align= »center » bg_image= »https://www.fluimucil-erkaeltungshusten.ch/wp-content/uploads/2017/11/teaser_approfondimenti.jpg » bg_position= »center bottom » bg_repeat= »no-repeat » min_height= »575&Prime; padding_top= »120&Prime; padding_bottom= »0&Prime; sidebar= »sidebar-1&Prime;][vc_column][/vc_column][/mk_page_section][vc_row css= ».vc_custom_1511795486415{padding-top: 20px !important;padding-left: 10px !important;} »][vc_column width= »2/3&Prime;][mk_fancy_title tag_name= »span » color= »#005982&Prime; size= »22&Prime; font_weight= »bold » letter_spacing= »1&Prime; font_family= »none »]APPROFONDISSEMENTS[/mk_fancy_title][mk_fancy_title tag_name= »h1&Prime; color= »#005982&Prime; size= »20&Prime; line_height= »125&Prime; font_weight= »bold » font_family= »none »]Mucus nasal : quelle est sa composition et quelle est sa fonction[/mk_fancy_title][vc_single_image source= »featured_image » img_size= »full »][vc_column_text css= ».vc_custom_1513085740269{margin-bottom: 0px !important;} »]Bien que le <a href="https://www.fluimucil-erkaeltungshusten.ch/fr/Faq/Glossaire#m" target="_self">mucus</a> nasal puisse nous paraître répugnant, celui qui est sécrété par les voies respiratoires est un formidable mécanisme de défense de l&rsquo;<a href="https://www.fluimucil-erkaeltungshusten.ch/fr/Faq/Glossaire#a" target="_self">appareil respiratoire</a>, sur lequel il convient de nous arrêter pour en savoir plus.</p>
<p>La composition du <a href="https://www.fluimucil-erkaeltungshusten.ch/fr/Faq/Glossaire#m" target="_self">mucus</a> nasal est relativement simple : il est constitué d&rsquo;un gel visqueux à base d&rsquo;eau, de glycoprotéines, de sels et de lipides ; lorsque nous sommes malades, on trouve à son intérieur des immunoglobulines (anticorps) et des enzymes antiseptiques qui peuvent former une première barrière contre les infections.</p>
<p>Les glycoprotéines contenues dans les <a href="https://www.fluimucil-erkaeltungshusten.ch/fr/Faq/Glossaire#m" target="_self">mucus</a> sont des protéines complexes, qui comprennent, à l’intérieur de leur structure, des hydrates de carbone ; la composition des glycoprotéines permet la formation de liaisons moléculaires très fortes, capables de piéger les particules ; ceci explique pourquoi le liquide est particulièrement visqueux.</p>
<p>Le <a href="https://www.fluimucil-erkaeltungshusten.ch/fr/Faq/Glossaire#m" target="_self">mucus</a> est sécrété par des glandes spécifiques, appelées glandes mucipares qui sont positionnées le long de la cavité nasale et de la trachée. Sa fonction principale est double : d’une part, il sert à recouvrir et maintenir humides et lubrifiées les membranes épithéliales sensibles qui se trouvent dans les voies respiratoires ; d&rsquo;autre part, la viscosité du <a href="https://www.fluimucil-erkaeltungshusten.ch/fr/Faq/Glossaire#m" target="_self">mucus </a>permet de bloquer et de capturer les corps étrangers présents dans l&rsquo;air inspiré, évitant que ceux-ci n&rsquo;entrent dans les poumons les rejetant grâce à la <a href="https://www.fluimucil-erkaeltungshusten.ch/fr/Faq/Glossaire#c" target="_self">clairance mucociliaire</a>, la <a href="https://www.fluimucil-erkaeltungshusten.ch/fr/Faq/Glossaire#t" target="_self">toux</a> et les <a href="https://www.fluimucil-erkaeltungshusten.ch/fr/Faq/Glossaire#e" target="_self">éternuements</a>.</p>
<p>Lorsqu&rsquo;il fait froid ou en cas d&rsquo;irritation, le cycle d&rsquo;élimination du <a href="https://www.fluimucil-erkaeltungshusten.ch/fr/Faq/Glossaire#m" target="_self">mucus</a> se bloque et les bactéries ou les virus présents peuvent provoquer des infections ; suite à l&rsquo;attaque bactérienne ou virale ou à la réponse inflammatoire résultante, le <a href="https://www.fluimucil-erkaeltungshusten.ch/fr/Faq/Glossaire#m" target="_self">mucus</a> touché se transforme en <a href="https://www.fluimucil-erkaeltungshusten.ch/fr/Faq/Glossaire#c" target="_self">catarrhe</a> et s&rsquo;accumule dans les voies respiratoires et les obstrue. Les symptômes, tels que le « nez bouché » ou la <a href="https://www.fluimucil-erkaeltungshusten.ch/fr/Faq/Glossaire#t" target="_self">toux grasse</a> qui nécessitent une fluidification du <a href="https://www.fluimucil-erkaeltungshusten.ch/fr/Faq/Glossaire#c" target="_self">catarrhe</a> pour faciliter leur expectoration, se présentant à ce moment-là.[/vc_column_text][mk_button dimension= »flat » corner_style= »full_rounded » size= »medium » url= »/fr/pour-en-savoir-plus/approfondissements/ » margin_top= »30&Prime; margin_right= »0&Prime; bg_color= »#00768e » btn_hover_bg= »rgba(0,118,142,0.75) »]Retour[/mk_button][/vc_column][vc_column width= »1/12&Prime;][/vc_column][vc_column width= »1/4&Prime;][vc_wp_custommenu nav_menu= »14&Prime;][mk_icon_box icon= »mk-moon-temperature » title= »SYMPTÔMES ET TROUBLES » text_size= »13&Prime; read_more_txt= »Allez à la section » read_more_url= »/fr/Symptomes-et-Troubles/Toux-grasse » style= »boxed » icon_location= »top » icon_color= »#075985&Prime; icon_circle_color= » » title_color= »#075985&Prime; txt_color= »#00768e » el_class= »side-icon-box »]Plus d’informations sur les maux saisonniers.[/mk_icon_box][/vc_column][/vc_row]
</div>

<p>Bien que le mucus nasal puisse nous paraître répugnant, celui qui est sécrété par&#8230;</p>
