{"id":1432,"date":"2017-11-28T10:45:55","date_gmt":"2017-11-28T09:45:55","guid":{"rendered":"https:\/\/www.fluimucil-erkaeltungshusten.ch\/approfondimenti-e-consigli\/lapparato-respiratorio\/"},"modified":"2018-01-29T15:09:55","modified_gmt":"2018-01-29T14:09:55","slug":"appareil-respiratoire","status":"publish","type":"page","link":"https:\/\/www.fluimucil-erkaeltungshusten.ch\/fr\/approfondissements-et-conseils\/appareil-respiratoire\/","title":{"rendered":"Appareil respiratoire"},"content":{"rendered":"<div class=\"wpb-content-wrapper\">[mk_page_section vertical_align=\u00a0\u00bbcenter\u00a0\u00bb bg_image=\u00a0\u00bbhttps:\/\/www.fluimucil-erkaeltungshusten.ch\/wp-content\/uploads\/2017\/11\/teaser_apparatorespiratorio.jpg\u00a0\u00bb bg_position=\u00a0\u00bbcenter bottom\u00a0\u00bb bg_repeat=\u00a0\u00bbno-repeat\u00a0\u00bb min_height=\u00a0\u00bb575&Prime; padding_top=\u00a0\u00bb120&Prime; padding_bottom=\u00a0\u00bb0&Prime; sidebar=\u00a0\u00bbsidebar-1&Prime;][vc_column][\/vc_column][\/mk_page_section][vc_row css=\u00a0\u00bb.vc_custom_1511795486415{padding-top: 20px !important;padding-left: 10px !important;}\u00a0\u00bb][vc_column width=\u00a0\u00bb1\/2&Prime;][mk_fancy_title tag_name=\u00a0\u00bbh1&Prime; color=\u00a0\u00bb#005982&Prime; size=\u00a0\u00bb22&Prime; font_weight=\u00a0\u00bbbold\u00a0\u00bb letter_spacing=\u00a0\u00bb1&Prime; font_family=\u00a0\u00bbnone\u00a0\u00bb]APPAREIL RESPIRATOIRE[\/mk_fancy_title][vc_column_text css=\u00a0\u00bb.vc_custom_1512635886357{margin-bottom: 0px !important;}\u00a0\u00bb]L\u2019<a href=\"http:\/\/www.fluimucil-tossegrassa.ch\/fr\/Faq\/Glossaire#a\" target=\"_self\">appareil respiratoire<\/a>\u00a0est le syst\u00e8me constitu\u00e9 de tous les organes permettant la respiration, c\u2019est-\u00e0-dire l\u2019\u00e9change de gaz entre l\u2019air et le sang qui permet \u00e0 l\u2019organisme d\u2019emmagasiner de l\u2019oxyg\u00e8ne et d\u2019excr\u00e9ter le dioxyde de carbone (d\u00e9chet du m\u00e9tabolisme humain).<\/p>\n<p>Dans le corps humain, l\u2019appareil est compos\u00e9 des \u00e9l\u00e9ments suivants\u00a0:[\/vc_column_text][mk_padding_divider size=\u00a0\u00bb30&Prime;][vc_accordions action_style=\u00a0\u00bbtoggle-action\u00a0\u00bb container_bg_color=\u00a0\u00bb\u00a0\u00bb responsive=\u00a0\u00bbfalse\u00a0\u00bb][vc_accordion_tab title=\u00a0\u00bbVoies respiratoires sup\u00e9rieures\u00a0\u00bb][vc_column_text css=\u00a0\u00bb.vc_custom_1512635927166{margin-bottom: 0px !important;}\u00a0\u00bb]\n<ul>\n<li><strong>Nez externe et cavit\u00e9 orale<\/strong>, o\u00f9 l\u2019air de l\u2019environnement p\u00e9n\u00e8tre dans le corps\u00a0;<\/li>\n<li><strong>Fosses nasales et sinus<\/strong>, o\u00f9 l\u2019air est r\u00e9chauff\u00e9, humidifi\u00e9 et purifi\u00e9 gr\u00e2ce aux cils et aux\u00a0<a class=\"actived\" href=\"http:\/\/www.fluimucil-tossegrassa.ch\/fr\/Faq\/Glossaire#m\" target=\"_self\">mucus<\/a>\u00a0qui capturent les poussi\u00e8res et les\u00a0<a class=\"actived\" href=\"http:\/\/www.fluimucil-tossegrassa.ch\/fr\/Faq\/Glossaire#a\" target=\"_self\">agents irritants<\/a>. C\u2019est aussi le si\u00e8ge des organes sensoriels olfactifs\u00a0;<\/li>\n<li><strong>Pharynx<\/strong>, un tube commun aux appareils respiratoires et digestifs, o\u00f9 passent aliments, liquides et air. Pour \u00e9viter que les aliments et l\u2019eau ne finissent dans les poumons, l\u2019\u00e9piglotte ferme le passage des voies respiratoires inf\u00e9rieures au moment de la d\u00e9glutition\u00a0;<\/li>\n<\/ul>\n[\/vc_column_text][\/vc_accordion_tab][vc_accordion_tab title=\u00a0\u00bbVoies respiratoires inf\u00e9rieures\u00a0\u00bb][vc_column_text css=\u00a0\u00bb.vc_custom_1512635960621{margin-bottom: 0px !important;}\u00a0\u00bb]\n<ul>\n<li><strong>Larynx<\/strong>, un tube exclusivement d\u00e9di\u00e9 \u00e0 l\u2019air passant vers les poumons. Dans le larynx se trouvent les cordes vocales, qui en vibrant permettent \u00e0 l\u2019\u00eatre humain d\u2019articuler des sons et des paroles\u00a0;<\/li>\n<li><strong>Trach\u00e9e<\/strong>, le tube permettant \u00e0 l\u2019air d\u2019\u00eatre achemin\u00e9 dans les poumons. Les cils pr\u00e9sents bloquent d\u2019\u00e9ventuels\u00a0<a class=\"actived\" href=\"http:\/\/www.fluimucil-tossegrassa.ch\/fr\/Faq\/Glossaire#a\" target=\"_self\">agents irritants<\/a>\u00a0et d\u00e9placent le\u00a0<a class=\"actived\" href=\"http:\/\/www.fluimucil-tossegrassa.ch\/fr\/Faq\/Glossaire#m\" target=\"_self\">mucus<\/a>\u00a0des bronches vers les voies respiratoires sup\u00e9rieures\u00a0;<\/li>\n<li><strong>Bronches<\/strong>, les deux tubes r\u00e9sultant de la bifurcation de la trach\u00e9e, \u00e0 travers lesquels l\u2019air p\u00e9n\u00e8tre dans les poumons\u00a0;<\/li>\n<\/ul>\n[\/vc_column_text][\/vc_accordion_tab][vc_accordion_tab title=\u00a0\u00bbSyst\u00e8me pulmonaire\u00a0\u00bb][vc_column_text css=\u00a0\u00bb.vc_custom_1512635989972{margin-bottom: 0px !important;}\u00a0\u00bb]\n<ul>\n<li><strong>Bronchioles<\/strong>, autres bifurcations des bronches qui transportent l\u2019air vers les alv\u00e9oles ;<\/li>\n<li><strong>Alv\u00e9oles<\/strong>, petits sacs irrigu\u00e9s de capillaires o\u00f9 advient l\u2019\u00e9change d\u2019oxyg\u00e8ne-dioxyde de carbone entre l\u2019air et le sang\u00a0;<\/li>\n<li><strong>Poumons<\/strong>, les deux sacs parenchymateux, subdivis\u00e9s en diff\u00e9rents lobes, qui contiennent les alv\u00e9oles et permettent, \u00e0 travers l\u2019action des\u00a0<a class=\"actived\" href=\"http:\/\/www.fluimucil-tossegrassa.ch\/fr\/Faq\/Glossaire#m\" target=\"_self\">muscles inspiratoires<\/a>, l\u2019\u00e9mission de l\u2019air gr\u00e2ce \u00e0 leur variation de volume\u00a0;<\/li>\n<li><strong>Pl\u00e8vres<\/strong>, doubles cavit\u00e9s s\u00e9reuses qui entourent et prot\u00e8gent chaque poumon, le reliant \u00e0 la cage thoracique. Entre chaque pl\u00e8vre se trouve un liquide qui prot\u00e8ge et permet l\u2019expansion des poumons.<\/li>\n<\/ul>\n[\/vc_column_text][\/vc_accordion_tab][vc_accordion_tab title=\u00a0\u00bbMuscles inspiratoires\u00a0\u00bb][vc_column_text css=\u00a0\u00bb.vc_custom_1512636018835{margin-bottom: 0px !important;}\u00a0\u00bb]Avec leur action, ils permettent les mouvements du thorax et l\u2019augmentation subs\u00e9quente du volume des poumons qui favorise l\u2019inspiration. Le plus important des\u00a0<a class=\"actived\" href=\"http:\/\/www.fluimucil-tossegrassa.ch\/fr\/Faq\/Glossaire#m\" target=\"_self\">muscles inspiratoires<\/a>\u00a0est le diaphragme, qui s\u00e9pare les poumons de l\u2019appareil digestif et permet de contr\u00f4ler le flux de l\u2019air (fonction \u00e9galement importante pour le langage).[\/vc_column_text][\/vc_accordion_tab][\/vc_accordions][mk_button dimension=\u00a0\u00bbflat\u00a0\u00bb corner_style=\u00a0\u00bbfull_rounded\u00a0\u00bb size=\u00a0\u00bbmedium\u00a0\u00bb url=\u00a0\u00bb\/fr\/Approfondissements-et-conseils\/Appareil-respiratoire\/Approfondissements-Appareil-respiratoire\u00a0\u00bb align=\u00a0\u00bbnone\u00a0\u00bb margin_top=\u00a0\u00bb30&Prime; margin_right=\u00a0\u00bb0&Prime; el_class=\u00a0\u00bbnewline-button\u00a0\u00bb bg_color=\u00a0\u00bb#00768e\u00a0\u00bb btn_hover_bg=\u00a0\u00bbrgba(0,118,142,0.75)\u00a0\u00bb]Approfondissez le sujet[\/mk_button][\/vc_column][vc_column width=\u00a0\u00bb1\/4&Prime;][mk_padding_divider size=\u00a0\u00bb300&Prime; visibility=\u00a0\u00bbhidden-sm\u00a0\u00bb][vc_single_image image=\u00a0\u00bb1437&Prime; img_size=\u00a0\u00bbfull\u00a0\u00bb][\/vc_column][vc_column width=\u00a0\u00bb1\/4&Prime;][vc_wp_custommenu nav_menu=\u00a0\u00bb11&Prime;][mk_icon_box icon=\u00a0\u00bbmk-moon-temperature\u00a0\u00bb title=\u00a0\u00bbSYMPT\u00d4MES ET TROUBLES\u00a0\u00bb text_size=\u00a0\u00bb13&Prime; read_more_txt=\u00a0\u00bbAllez \u00e0 la section\u00a0\u00bb read_more_url=\u00a0\u00bb\/fr\/Symptomes-et-Troubles\/Toux-grasse\u00a0\u00bb style=\u00a0\u00bbboxed\u00a0\u00bb icon_location=\u00a0\u00bbtop\u00a0\u00bb icon_color=\u00a0\u00bb#075985&Prime; icon_circle_color=\u00a0\u00bb\u00a0\u00bb title_color=\u00a0\u00bb#075985&Prime; txt_color=\u00a0\u00bb#00768e\u00a0\u00bb el_class=\u00a0\u00bbside-icon-box\u00a0\u00bb]Plus d\u2019informations sur les maux saisonniers.[\/mk_icon_box][mk_icon_box icon=\u00a0\u00bbmk-icon-lightbulb-o\u00a0\u00bb title=\u00a0\u00bbPOUR EN SAVOIR PLUS\u00a0\u00bb text_size=\u00a0\u00bb13&Prime; read_more_txt=\u00a0\u00bbAllez \u00e0 la section\u00a0\u00bb read_more_url=\u00a0\u00bb\/fr\/Pour-en-savoir-plus\/Mamans-et-enfants\u00a0\u00bb style=\u00a0\u00bbboxed\u00a0\u00bb icon_location=\u00a0\u00bbtop\u00a0\u00bb icon_color=\u00a0\u00bb#075985&Prime; icon_circle_color=\u00a0\u00bb\u00a0\u00bb title_color=\u00a0\u00bb#075985&Prime; txt_color=\u00a0\u00bb#00768e\u00a0\u00bb el_class=\u00a0\u00bbside-icon-box\u00a0\u00bb]Informations et approfondissements utiles.[\/mk_icon_box][\/vc_column][\/vc_row]\n<\/div>","protected":false},"excerpt":{"rendered":"<p>[mk_page_section vertical_align=\u00a0\u00bbcenter\u00a0\u00bb bg_image=\u00a0\u00bbhttps:\/\/www.fluimucil-erkaeltungshusten.ch\/wp-content\/uploads\/2017\/11\/teaser_apparatorespiratorio.jpg\u00a0\u00bb bg_position=\u00a0\u00bbcenter bottom\u00a0\u00bb bg_repeat=\u00a0\u00bbno-repeat\u00a0\u00bb min_height=\u00a0\u00bb575&Prime; padding_top=\u00a0\u00bb120&Prime; padding_bottom=\u00a0\u00bb0&Prime; sidebar=\u00a0\u00bbsidebar-1&Prime;][vc_column][\/vc_column][\/mk_page_section][vc_row css=\u00a0\u00bb.vc_custom_1511795486415{padding-top: 20px !important;padding-left: 10px !important;}\u00a0\u00bb][vc_column width=\u00a0\u00bb1\/2&Prime;][mk_fancy_title tag_name=\u00a0\u00bbh1&Prime; color=\u00a0\u00bb#005982&Prime; size=\u00a0\u00bb22&Prime; font_weight=\u00a0\u00bbbold\u00a0\u00bb letter_spacing=\u00a0\u00bb1&Prime; font_family=\u00a0\u00bbnone\u00a0\u00bb]APPAREIL RESPIRATOIRE[\/mk_fancy_title][vc_column_text css=\u00a0\u00bb.vc_custom_1512635886357{margin-bottom: 0px !important;}\u00a0\u00bb]L\u2019appareil respiratoire\u00a0est le syst\u00e8me constitu\u00e9 de tous les organes permettant la respiration, c\u2019est-\u00e0-dire l\u2019\u00e9change de gaz entre l\u2019air et le sang qui permet \u00e0 l\u2019organisme d\u2019emmagasiner de l\u2019oxyg\u00e8ne et d\u2019excr\u00e9ter [&hellip;]<\/p>\n","protected":false},"author":2,"featured_media":0,"parent":1431,"menu_order":0,"comment_status":"closed","ping_status":"closed","template":"","meta":{"_monsterinsights_skip_tracking":false,"_monsterinsights_sitenote_active":false,"_monsterinsights_sitenote_note":"","_monsterinsights_sitenote_category":0,"footnotes":""},"categories":[],"tags":[],"yst_prominent_words":[406,405,398,395,390,402,394,400,393,389,397,399,401,391,392,403,404,407,396,93],"class_list":["post-1432","page","type-page","status-publish","hentry"],"_links":{"self":[{"href":"https:\/\/www.fluimucil-erkaeltungshusten.ch\/fr\/wp-json\/wp\/v2\/pages\/1432","targetHints":{"allow":["GET"]}}],"collection":[{"href":"https:\/\/www.fluimucil-erkaeltungshusten.ch\/fr\/wp-json\/wp\/v2\/pages"}],"about":[{"href":"https:\/\/www.fluimucil-erkaeltungshusten.ch\/fr\/wp-json\/wp\/v2\/types\/page"}],"author":[{"embeddable":true,"href":"https:\/\/www.fluimucil-erkaeltungshusten.ch\/fr\/wp-json\/wp\/v2\/users\/2"}],"replies":[{"embeddable":true,"href":"https:\/\/www.fluimucil-erkaeltungshusten.ch\/fr\/wp-json\/wp\/v2\/comments?post=1432"}],"version-history":[{"count":0,"href":"https:\/\/www.fluimucil-erkaeltungshusten.ch\/fr\/wp-json\/wp\/v2\/pages\/1432\/revisions"}],"up":[{"embeddable":true,"href":"https:\/\/www.fluimucil-erkaeltungshusten.ch\/fr\/wp-json\/wp\/v2\/pages\/1431"}],"wp:attachment":[{"href":"https:\/\/www.fluimucil-erkaeltungshusten.ch\/fr\/wp-json\/wp\/v2\/media?parent=1432"}],"wp:term":[{"taxonomy":"category","embeddable":true,"href":"https:\/\/www.fluimucil-erkaeltungshusten.ch\/fr\/wp-json\/wp\/v2\/categories?post=1432"},{"taxonomy":"post_tag","embeddable":true,"href":"https:\/\/www.fluimucil-erkaeltungshusten.ch\/fr\/wp-json\/wp\/v2\/tags?post=1432"},{"taxonomy":"yst_prominent_words","embeddable":true,"href":"https:\/\/www.fluimucil-erkaeltungshusten.ch\/fr\/wp-json\/wp\/v2\/yst_prominent_words?post=1432"}],"curies":[{"name":"wp","href":"https:\/\/api.w.org\/{rel}","templated":true}]}}

<div class="wpb-content-wrapper">[mk_page_section vertical_align= »center » bg_image= »https://www.fluimucil-erkaeltungshusten.ch/wp-content/uploads/2017/11/teaser_apparatorespiratorio.jpg » bg_position= »center bottom » bg_repeat= »no-repeat » min_height= »575&Prime; padding_top= »120&Prime; padding_bottom= »0&Prime; sidebar= »sidebar-1&Prime;][vc_column][/vc_column][/mk_page_section][vc_row css= ».vc_custom_1511795486415{padding-top: 20px !important;padding-left: 10px !important;} »][vc_column width= »1/2&Prime;][mk_fancy_title tag_name= »h1&Prime; color= »#005982&Prime; size= »22&Prime; font_weight= »bold » letter_spacing= »1&Prime; font_family= »none »]APPAREIL RESPIRATOIRE[/mk_fancy_title][vc_column_text css= ».vc_custom_1512635886357{margin-bottom: 0px !important;} »]L’<a href="http://www.fluimucil-tossegrassa.ch/fr/Faq/Glossaire#a" target="_self">appareil respiratoire</a> est le système constitué de tous les organes permettant la respiration, c’est-à-dire l’échange de gaz entre l’air et le sang qui permet à l’organisme d’emmagasiner de l’oxygène et d’excréter le dioxyde de carbone (déchet du métabolisme humain).</p>
<p>Dans le corps humain, l’appareil est composé des éléments suivants :[/vc_column_text][mk_padding_divider size= »30&Prime;][vc_accordions action_style= »toggle-action » container_bg_color= » » responsive= »false »][vc_accordion_tab title= »Voies respiratoires supérieures »][vc_column_text css= ».vc_custom_1512635927166{margin-bottom: 0px !important;} »]
<ul>
<li><strong>Nez externe et cavité orale</strong>, où l’air de l’environnement pénètre dans le corps ;</li>
<li><strong>Fosses nasales et sinus</strong>, où l’air est réchauffé, humidifié et purifié grâce aux cils et aux <a class="actived" href="http://www.fluimucil-tossegrassa.ch/fr/Faq/Glossaire#m" target="_self">mucus</a> qui capturent les poussières et les <a class="actived" href="http://www.fluimucil-tossegrassa.ch/fr/Faq/Glossaire#a" target="_self">agents irritants</a>. C’est aussi le siège des organes sensoriels olfactifs ;</li>
<li><strong>Pharynx</strong>, un tube commun aux appareils respiratoires et digestifs, où passent aliments, liquides et air. Pour éviter que les aliments et l’eau ne finissent dans les poumons, l’épiglotte ferme le passage des voies respiratoires inférieures au moment de la déglutition ;</li>
</ul>
[/vc_column_text][/vc_accordion_tab][vc_accordion_tab title= »Voies respiratoires inférieures »][vc_column_text css= ».vc_custom_1512635960621{margin-bottom: 0px !important;} »]
<ul>
<li><strong>Larynx</strong>, un tube exclusivement dédié à l’air passant vers les poumons. Dans le larynx se trouvent les cordes vocales, qui en vibrant permettent à l’être humain d’articuler des sons et des paroles ;</li>
<li><strong>Trachée</strong>, le tube permettant à l’air d’être acheminé dans les poumons. Les cils présents bloquent d’éventuels <a class="actived" href="http://www.fluimucil-tossegrassa.ch/fr/Faq/Glossaire#a" target="_self">agents irritants</a> et déplacent le <a class="actived" href="http://www.fluimucil-tossegrassa.ch/fr/Faq/Glossaire#m" target="_self">mucus</a> des bronches vers les voies respiratoires supérieures ;</li>
<li><strong>Bronches</strong>, les deux tubes résultant de la bifurcation de la trachée, à travers lesquels l’air pénètre dans les poumons ;</li>
</ul>
[/vc_column_text][/vc_accordion_tab][vc_accordion_tab title= »Système pulmonaire »][vc_column_text css= ».vc_custom_1512635989972{margin-bottom: 0px !important;} »]
<ul>
<li><strong>Bronchioles</strong>, autres bifurcations des bronches qui transportent l’air vers les alvéoles ;</li>
<li><strong>Alvéoles</strong>, petits sacs irrigués de capillaires où advient l’échange d’oxygène-dioxyde de carbone entre l’air et le sang ;</li>
<li><strong>Poumons</strong>, les deux sacs parenchymateux, subdivisés en différents lobes, qui contiennent les alvéoles et permettent, à travers l’action des <a class="actived" href="http://www.fluimucil-tossegrassa.ch/fr/Faq/Glossaire#m" target="_self">muscles inspiratoires</a>, l’émission de l’air grâce à leur variation de volume ;</li>
<li><strong>Plèvres</strong>, doubles cavités séreuses qui entourent et protègent chaque poumon, le reliant à la cage thoracique. Entre chaque plèvre se trouve un liquide qui protège et permet l’expansion des poumons.</li>
</ul>
[/vc_column_text][/vc_accordion_tab][vc_accordion_tab title= »Muscles inspiratoires »][vc_column_text css= ».vc_custom_1512636018835{margin-bottom: 0px !important;} »]Avec leur action, ils permettent les mouvements du thorax et l’augmentation subséquente du volume des poumons qui favorise l’inspiration. Le plus important des <a class="actived" href="http://www.fluimucil-tossegrassa.ch/fr/Faq/Glossaire#m" target="_self">muscles inspiratoires</a> est le diaphragme, qui sépare les poumons de l’appareil digestif et permet de contrôler le flux de l’air (fonction également importante pour le langage).[/vc_column_text][/vc_accordion_tab][/vc_accordions][mk_button dimension= »flat » corner_style= »full_rounded » size= »medium » url= »/fr/Approfondissements-et-conseils/Appareil-respiratoire/Approfondissements-Appareil-respiratoire » align= »none » margin_top= »30&Prime; margin_right= »0&Prime; el_class= »newline-button » bg_color= »#00768e » btn_hover_bg= »rgba(0,118,142,0.75) »]Approfondissez le sujet[/mk_button][/vc_column][vc_column width= »1/4&Prime;][mk_padding_divider size= »300&Prime; visibility= »hidden-sm »][vc_single_image image= »1437&Prime; img_size= »full »][/vc_column][vc_column width= »1/4&Prime;][vc_wp_custommenu nav_menu= »11&Prime;][mk_icon_box icon= »mk-moon-temperature » title= »SYMPTÔMES ET TROUBLES » text_size= »13&Prime; read_more_txt= »Allez à la section » read_more_url= »/fr/Symptomes-et-Troubles/Toux-grasse » style= »boxed » icon_location= »top » icon_color= »#075985&Prime; icon_circle_color= » » title_color= »#075985&Prime; txt_color= »#00768e » el_class= »side-icon-box »]Plus d’informations sur les maux saisonniers.[/mk_icon_box][mk_icon_box icon= »mk-icon-lightbulb-o » title= »POUR EN SAVOIR PLUS » text_size= »13&Prime; read_more_txt= »Allez à la section » read_more_url= »/fr/Pour-en-savoir-plus/Mamans-et-enfants » style= »boxed » icon_location= »top » icon_color= »#075985&Prime; icon_circle_color= » » title_color= »#075985&Prime; txt_color= »#00768e » el_class= »side-icon-box »]Informations et approfondissements utiles.[/mk_icon_box][/vc_column][/vc_row]
</div>

<p>[mk_page_section vertical_align= »center » bg_image= »https://www.fluimucil-erkaeltungshusten.ch/wp-content/uploads/2017/11/teaser_apparatorespiratorio.jpg » bg_position= »center bottom » bg_repeat= »no-repeat » min_height= »575&Prime; padding_top= »120&Prime; padding_bottom= »0&Prime; sidebar= »sidebar-1&Prime;][vc_column][/vc_column][/mk_page_section][vc_row css= ».vc_custom_1511795486415{padding-top: 20px !important;padding-left: 10px !important;} »][vc_column width= »1/2&Prime;][mk_fancy_title tag_name= »h1&Prime; color= »#005982&Prime; size= »22&Prime; font_weight= »bold » letter_spacing= »1&Prime; font_family= »none »]APPAREIL RESPIRATOIRE[/mk_fancy_title][vc_column_text css= ».vc_custom_1512635886357{margin-bottom: 0px !important;} »]L’appareil respiratoire est le système constitué de tous les organes permettant la respiration, c’est-à-dire l’échange de gaz entre l’air et le sang qui permet à l’organisme d’emmagasiner de l’oxygène et d’excréter [&hellip;]</p>
